 3. Determine w(c).
2
Let n(s) = -3*s**2 + 2. Let h(w) = w**2 + w - 1. Let i(q) = 2*h(q) + n(q). Let r = 15 + -17. Give i(r).
-8
Let f be (1 - 3)*1/(-2). Let z(x) = 1 + 1 - x - f. Calculate z(0).
1
Let n(f) be the third derivative of -f**5/60 + f**4/6 + f**3 + 17*f**2. Determine n(6).
-6
Let y(b) be the third derivative of b**4/24 + b**3/6 - 31*b**2. Calculate y(-5).
-4
Let u(v) = -6*v + 7. Let i(j) be the second derivative of -j**3/2 + 2*j**2 - 2*j. Let z(c) = 11*i(c) - 6*u(c). Determine z(-5).
-13
Suppose m + 45 = 6*m. Let h = -6 + m. Let g(j) = j - 3 - 3 + 0. Calculate g(h).
-3
Let l(u) = 9*u**2 - 5*u - 7. Let m(b) = 5 - 5*b**2 + 2*b**2 - 2*b**2 + 2*b - 1. Let y(v) = -4*l(v) - 7*m(v). Let r(c) = -c + 10. Let p be r(7). Give y(p).
9
Suppose 15 = -2*z + 5*z. Let g(f) = -f**3 + 6*f**2 - 5*f + 7. Give g(z).
7
Let f(o) = 7. Let t(y) = -y - 1. Let n(z) = -f(z) - t(z). Calculate n(7).
1
Suppose t = 4*b + 6 - 3, -3*b = 3*t - 9. Let m(f) = -3*f - 8. Let y be m(-5). Let u(v) = -y*v + 3*v + 2*v. Calculate u(t).
-6
Let b(v) = v**3 - 6*v**2 + 5*v + 3. Let u be b(5). Let o(d) = 2*d - u*d + 0*d. Let c(p) = -p + 5. Let w be c(4). Calculate o(w).
-1
Let f(s) = 7*s**2 + 3*s. Let n(v) = -10*v**2 - 5*v. Let j(x) = -8*f(x) - 5*n(x). Suppose -p + 33 = 4*h + 12, -8 = -3*p - h. Determine j(p).
-5
Let v(o) be the first derivative of -o**2/2 - 12*o + 4. Determine v(0).
-12
Suppose -19*m = -20*m - 1. Let t(c) be the first derivative of -c**6/120 + c**3/3 + 1. Let z(h) be the third derivative of t(h). Determine z(m).
-3
Let q(v) be the third derivative of -v**7/2520 + v**6/120 - v**5/20 + 3*v**2. Let d(o) be the third derivative of q(o). Calculate d(4).
-2
Let u(a) = a**2 - 2*a - 1. Let k be (8*1)/1 - -2. Let m = 9 - 8. Suppose 2*c - m + 5 = x, 0 = 5*c + 2*x + k. Calculate u(c).
7
Let i(s) = s**3 + 10*s**2 + s + 11. Suppose z = -4*j + 5*z - 32, -2 = j - 4*z. Give i(j).
1
Let j be 7/(-28) - 21/(-4). Let t(q) = j - 1 + 3 - 1 - q. Determine t(6).
0
Let t be 9/(-3) + -5 + 7. Let r(v) be the third derivative of v**6/30 - v**5/30 + v**3/6 - v**2. What is r(t)?
-5
Let t = -7 + 7. Suppose -4*b + 40 = 5*q, 3*q - 3*b - 2*b - 24 = t. Let h(k) = q + 0 - 4 - 1 - k. Give h(0).
3
Let k be 5/(-4) - 2/(-8). Let a = 7 + -5. Let n(h) = -4*h + a*h + h**2 - 1 - 5*h**2. What is n(k)?
-3
Let z(t) = t + 3. Let c be 4/18 + 249*(-5)/135. Calculate z(c).
-6
Let i(f) = 1 - 15*f**2 - 4*f**3 - 16*f**2 + 29*f**2. What is i(1)?
-5
Let s(t) = -7*t - 1. Let z(h) = h + 4. Let k be (4/4)/((-2)/4). Let q be z(k). Let i be (2 - 1)/(-3 + q). Determine s(i).
6
Let b(a) be the third derivative of a**6/360 + a**5/120 + a**4/24 + a**3/6 + 7*a**2. Let i(y) be the first derivative of b(y). Calculate i(0).
1
Let s be 2 + (1 + -1 - 2). Suppose 0 = 3*m - s + 6. Let n(z) = -z**3 - z**2 - z + 1. Give n(m).
7
Let n = 7 + -4. Suppose -n*f + 8 = -1. Let y(l) = -3 - 2*l + 0*l - l**f + 5*l. Determine y(2).
-5
Let i(z) = 2*z**2 - 5*z - 2. Let f be i(4). Let g(p) = 10 + 0*p - f + 9*p**2 + p. Determine g(1).
10
Let p(h) be the second derivative of 7*h**6/120 + h**4/24 + h**3/6 + 5*h**2/2 - 4*h. Let v(c) be the first derivative of p(c). Determine v(-1).
-7
Let y be ((-7)/(-2))/(2/(-4)). Let c = -9 - y. Let k(q) = -2*q**2 - 3*q - 1. Let m be k(c). Let z(o) = -o**3 - 3*o**2 - 2. Calculate z(m).
-2
Let x(q) = -q**2 + q. Let p(v) = -5*v**2 + 6*v. Let k(d) = -p(d) + 4*x(d). What is k(2)?
0
Let q = -13 - -18. Suppose 4*w = 9*w + q. Let y(x) = -2*x - 1 - x**2 - x**2 + 0 + 6*x**3. Give y(w).
-7
Let f(k) = -k**2 + 5*k + 6. Let j be (8/(-32))/(1/(-28)). Determine f(j).
-8
Let k(q) be the third derivative of 1/60*q**5 + 0 + 1/3*q**3 + 2*q**2 + 1/24*q**4 + 0*q. Let w = 5 + -8. Give k(w).
8
Let r(y) be the first derivative of -5/3*y**3 + 0*y + y**2 - 2 + 1/4*y**4. Suppose 3*i = -h - 0*h + 10, -i = -4*h + 14. What is r(i)?
-8
Let l(r) = -2*r + 2. Suppose -2*u = 3*u + 5. Let f = u - 2. Determine l(f).
8
Suppose 50*a - 45*a = -40. Let j(m) = -3*m - 10. Give j(a).
14
Let z be 4/(-6) + 2/(-6). Let p be 3/((-3)/(-5))*z. Let u(x) = -12*x**2 - 4*x**2 - x**3 - 7*x**2 - 13*x**2 - 4*x + 30*x**2. Determine u(p).
-5
Let j(o) be the third derivative of -o**6/360 - 7*o**5/120 + o**3/3 + 3*o**2. Let a(i) be the first derivative of j(i). Give a(-5).
10
Let g(c) = 0*c**3 + 7*c + c**3 + 5 + 9*c**2 - 3*c**2. Let a be ((-8)/(-4))/((-2)/4). Give g(a).
9
Suppose -6*c = -2*c + 136. Let a be c/9 - (-6)/(-27). Let y(f) = -5*f - 4. Let q(k) = 14*k + 11. Let v(u) = 6*q(u) + 17*y(u). Determine v(a).
2
Let z(x) = -7*x**2. Let w(y) be the first derivative of -y**3/3 + 7*y**2/2 - 2*y - 3. Let p be w(6). Suppose -3*n + 2*g + p = 5, -5 = 4*n + g. What is z(n)?
-7
Let m be 10/4*40/50. Suppose -y + 0*y + m = 0. Let f(z) = -z**2 - 1. Give f(y).
-5
Let k(g) = -2*g + 1 - g**2 + 6*g - 3. Let o = -74 + 78. What is k(o)?
-2
Let a(g) = g**3 - 10*g**2 + 9*g + 1. Let t be a(9). Let c(v) be the third derivative of -2*v**5/15 - v**4/24 + v**3/6 + v**2. Give c(t).
-8
Let g(r) = -2*r - 2. Let n(l) be the third derivative of l**5/60 + l**4/12 + l**3/3 - 4*l**2. Let y be n(-3). Determine g(y).
-12
Let z(u) = -3*u**2 - 2*u - 3. Let l be (5/4)/((-6)/(-24)). Let d(y) = -7*y**2 - 5*y - 7. Let g(h) = l*z(h) - 2*d(h). Determine g(-1).
-2
Let w(j) = -j + 1. Suppose 3*u - 4*z - 38 = z, 22 = u - 4*z. Let s = 7 - u. Let l be 3*(-2 + s)*1. Determine w(l).
4
Let d(m) be the third derivative of m**5/60 - 5*m**4/24 + m**3 + 8*m**2 - 2. Give d(6).
12
Let d(a) = a**3 + 4*a**2 + 2*a + 6. Let s be d(-4). Let i(o) = -3*o + 2. Determine i(s).
8
Let p(z) = -2*z + 1. Let u be 0*(-3)/(-18)*-2. Suppose -4*d = -5*g + g + 4, -3*g - 2*d - 17 = u. What is p(g)?
7
Let u(c) = 8*c**2 - c + 0*c**3 + 0 - 1 + 10 - c**3. What is u(8)?
1
Let y(p) = -5*p**3 - 7*p**2 + 12*p + 7. Let r(f) = 3*f**3 + 3*f**2 - 6*f - 3. Let t(m) = 7*r(m) + 4*y(m). Calculate t(6).
7
Let h(o) be the third derivative of o**5/60 - o**4/8 - 5*o**3/6 + 9*o**2. Give h(4).
-1
Let w(s) = s + 1. Let j(y) = 6*y + 2 + 4 - 4 - 2*y. Let o(d) = j(d) - 2*w(d). Let u be -3*6/9*-1. Calculate o(u).
4
Let g(q) = q + 13. Let l be (14/4)/(6/(-12)). Calculate g(l).
6
Let q(o) = 2*o + 2. Suppose k + 0*k = 6. Let u(h) = h - 4. Let i be u(k). Suppose 4 = i*f + 12, y - 4*f - 19 = 0. Determine q(y).
8
Suppose x - 5*z + 4 = -3*x, x - z = 0. Let h = -5 + x. Let d(r) = -r + 1. Let o(y) = y. Let n(l) = d(l) + 4*o(l). Determine n(h).
-2
Suppose 3*v - 4*x - 7 = 0, 5*v + 3*x - 20 - 11 = 0. Let h(i) = -3 + i + v - 11. Calculate h(6).
-3
Let w(q) = -q + 1. Let b be w(-1). Let v(l) = -b*l + l - 2*l - 4 + l**2 - 4*l. What is v(6)?
-10
Let b(f) = f + 5. Let t be ((-9)/1)/(1/(-2)). Suppose -4*j = -5*r - t - 2, 0 = 4*r - j + 5. Determine b(r).
5
Let i be (0 - 1 - 8/(-2))/(-1). Let y(z) = 2*z**2 - 4*z - 3. Calculate y(i).
27
Suppose 2*h - 2 = 5*z + 3, -4*h = 2*z + 2. Let c(f) be the first derivative of 1/3*f**3 + 0*f**2 + 6*f + 1. Determine c(h).
6
Suppose -c + v = -v - 2, 3*c + 4*v + 4 = 0. Let k(i) be the third derivative of -5/24*i**4 + 0 - 1/3*i**3 + 3*i**2 - 1/30*i**5 + c*i. Determine k(-3).
-5
Let h be 1 + -1 - -1 - 3. Let s(c) be the second derivative of -c**3/2 + c**2 - 4*c. Give s(h).
8
Suppose -a + 39 = -4*f, -f + 0*a = 3*a. Let m(d) = -d - 5. Determine m(f).
4
Let d(z) = -z - 1. Let f(p) = 1. Let v(x) = -d(x) - 6*f(x). Determine v(6).
1
Let l(x) = 4*x**3 - 5*x + 1. Let v(q) = -5*q**3 + q**2 + 5*q - 1. Let c(u) = -4*l(u) - 3*v(u). Calculate c(-4).
-5
Suppose 6*c - 6 = 3*c. Let f(w) = -c + w + 4 + 2 - 1. Calculate f(-4).
-1
Let t(f) = -7 - f**2 + f - 2*f + 2. Let h(o) = -o + 1. Let p(c) = 4*h(c) + t(c). Determine p(-2).
5
Let a(q) be the first derivative of q**2 - 2*q + 36. Calculate a(6).
10
Let a(w) = 4*w - 1. Let q(r) = r - 8. Let z be q(7). Let k be -1*(1/z - 0). Determine a(k).
3
Let o be (5/30)/((-1)/(-9)). Let p(j) be the first derivative of o*j**2 + 2 + j. Give p(1).
4
Suppose x = 3 - 0. Suppose -2*k - 1 = -s, 3*k - 5*k = x*s - 11. Let a(z) = -z**3 - 1 - z**s + z**3 + z + z. What is a(1)?
0
Let z(k) = -k**3 - k**2 - k - 6. Let q be (-6)/(-3) + 0 + 1. Let w = 3 - q. Calculate z(w).
-6
Let f(n) = n**2 - 3*n + 1. Suppose -u + 4*x = 3*u, -u - x + 8 = 0. What is f(u)?
5
Let i(n) = n**3 - 7*n**2 + 8*n - 7. Suppose -96 + 15 = -3*k. Let m = k + -21. Give i(m).
5
Let g(n) = 1